 prime factors of 14727593.
17, 866329
List the prime factors of 621383525.
5, 7, 23, 263, 587
What are the prime factors of 2153894783?
223, 2971, 3251
What are the prime factors of 92290943?
17, 43, 251, 503
List the prime factors of 201717125.
5, 151, 10687
What are the prime factors of 103213039?
103213039
List the prime factors of 47333731.
19, 283, 8803
What are the prime factors of 124320336?
2, 3, 7, 23, 16087
List the prime factors of 1740694938.
2, 3, 290115823
What are the prime factors of 13503238?
2, 7, 964517
List the prime factors of 211639329.
3, 11, 2137771
What are the prime factors of 18989100?
2, 3, 5, 13, 541
What are the prime factors of 80012502?
2, 3, 281, 5273
List the prime factors of 684981651.
3, 228327217
List the prime factors of 15108765.
3, 5, 7, 37, 3889
List the prime factors of 272690077.
11, 2253637
What are the prime factors of 2648748173?
2648748173
What are the prime factors of 22778038?
2, 103, 110573
What are the prime factors of 4027395224?
2, 59, 1511, 5647
What are the prime factors of 4549787?
11, 43, 9619
What are the prime factors of 2978528072?
2, 13, 28639693
List the prime factors of 265877122.
2, 7, 18991223
List the prime factors of 24494644.
2, 1879, 3259
List the prime factors of 356086691.
107, 1621, 2053
What are the prime factors of 216862484?
2, 31, 1748891
What are the prime factors of 1862449999?
101, 181, 101879
What are the prime factors of 57496004?
2, 359, 40039
List the prime factors of 20983140.
2, 3, 5, 43, 2711
List the prime factors of 145196012.
2, 13, 214787
List the prime factors of 257738470.
2, 5, 11, 53, 4019
List the prime factors of 65802589.
65802589
What are the prime factors of 63656756?
2, 439, 36251
What are the prime factors of 50150442?
2, 3, 17, 23, 21377
List the prime factors of 61842440.
2, 5, 11, 140551
What are the prime factors of 60290001?
3, 137, 1811
List the prime factors of 77381341.
77381341
List the prime factors of 54199939.
103, 526213
What are the prime factors of 18672635?
5, 269, 13883
List the prime factors of 148525666.
2, 3259, 22787
List the prime factors of 123402960.
2, 3, 5, 57131
List the prime factors of 102105787.
7, 14586541
What are the prime factors of 93213488?
2, 5825843
What are the prime factors of 3870259279?
2903, 1333193
List the prime factors of 1082988397.
131, 8267087
What are the prime factors of 1667893155?
3, 5, 31, 3586867
List the prime factors of 215235396.
2, 3, 353, 16937
List the prime factors of 3970876.
2, 7, 13, 10909
What are the prime factors of 39607162?
2, 7, 2829083
What are the prime factors of 1271564409?
3, 423854803
List the prime factors of 31550506.
2, 13, 1213481
List the prime factors of 5712792487.
11933, 478739
What are the prime factors of 1248807498?
2, 3, 37, 71, 79229
List the prime factors of 2253952248.
2, 3, 179, 307, 1709
What are the prime factors of 71832340?
2, 5, 373, 9629
What are the prime factors of 17907574?
2, 293, 30559
List the prime factors of 665220657.
3, 47, 4717877
What are the prime factors of 175430114?
2, 87715057
List the prime factors of 1603982826.
2, 3, 89110157
List the prime factors of 129493621.
41, 3158381
What are the prime factors of 825215777?
53, 15570109
What are the prime factors of 360194742?
2, 3, 17, 19, 107, 193
List the prime factors of 389211689.
8693, 44773
List the prime factors of 194378616.
2, 3, 99989
List the prime factors of 1738805235.
3, 5, 19, 321109
List the prime factors of 296689576.
2, 17, 2181541
What are the prime factors of 3972046524?
2, 3, 331003877
What are the prime factors of 252584824?
2, 31573103
List the prime factors of 65567649.
3, 7, 491, 6359
What are the prime factors of 166399848?
2, 3, 23, 100483
List the prime factors of 107799566.
2, 7, 61, 126229
What are the prime factors of 115272542?
2, 7, 11, 748523
List the prime factors of 13489402.
2, 31, 97, 2243
What are the prime factors of 1234341387?
3, 5431, 25253
What are the prime factors of 1391725471?
19, 181, 499, 811
What are the prime factors of 2740923470?
2, 5, 19, 59, 244507
List the prime factors of 58187709.
3, 19, 179, 1901
List the prime factors of 55611428.
2, 379, 36683
What are the prime factors of 52512598?
2, 193, 136043
List the prime factors of 2803147960.
2, 5, 70078699
List the prime factors of 1252105338.
2, 3, 11, 1724663
What are the prime factors of 1522890293?
179, 1531, 5557
List the prime factors of 165473063.
7, 23, 1027783
List the prime factors of 660230620.
2, 5, 7, 19, 47, 5281
What are the prime factors of 7866657786?
2, 3, 13, 100854587
List the prime factors of 72878426.
2, 36439213
What are the prime factors of 334219169?
127, 2631647
List the prime factors of 132034838.
2, 13, 19, 267277
List the prime factors of 816752348.
2, 204188087
What are the prime factors of 2123936182?
2, 409, 2596499
List the prime factors of 1032041340.
2, 3, 5, 11, 41, 12713
List the prime factors of 30669850.
2, 5, 31, 47, 421
What are the prime factors of 1052713518?
2, 3, 59, 2973767
List the prime factors of 56775943.
7, 97, 83617
List the prime factors of 209439062.
2, 7, 2267, 6599
What are the prime factors of 341656455?
3, 5, 7, 3253871
List the prime factors of 1084617223.
19, 37, 1542841
List the prime factors of 1093993590.
2, 3, 5, 19, 1919287
List the prime factors of 34360349.
17, 2021197
List the prime factors of 1718583139.
7, 13, 167, 8699
List the prime factors of 88312750.
2, 5, 61, 5791
What are the prime factors of 406039488?
2, 3, 31, 68219
What are the prime factors of 639842801?
13, 197, 433, 577
List the prime factors of 19766088.
2, 3, 274529
What are the prime factors of 29849994?
2, 3, 17, 97549
What are the prime factors of 1066285342?
2, 4649, 114679
What are the prime factors of 69915637?
11, 701, 9067
List the prime factors of 31298810.
2, 5, 193, 16217
List the prime factors of 3830576983.
25643, 149381
List the prime factors of 106263803.
281, 378163
What are the prime factors of 4368694983?
3, 1787, 814903
What are the prime factors of 967598347?
673, 1437739
List the prime factors of 94925069.
31, 149, 20551
List the prime factors of 57990705.
3, 5, 23, 168089
List the prime factors of 112123680.
2, 3, 5, 233591
List the prime factors of 538890364.
2, 2371, 56821
What are the prime factors of 103008945?
3, 5, 13, 53, 9967
List the prime factors of 2162742877.
23, 94032299
What are the prime factors of 70342639?
70342639
List the prime factors of 679351449.
3, 7, 61, 530329
What are the prime factors of 176015863?
313, 562351
List the prime factors of 84083577.
3, 97, 288947
List the prime factors of 4051604320.
2, 5, 1123, 22549
List the prime factors of 75788187.
3, 25262729
What are the prime factors of 3012145744?
2, 9311, 20219
What are the prime factors of 720348299?
11, 173, 378533
List the prime factors of 1037927761.
13, 79840597
List the prime factors of 204101350.
2, 5, 4082027
What are the prime factors of 63402732?
2, 3, 1761187
What are the prime factors of 1245737725?
5, 2269, 21961
List the prime factors of 109369784.
2, 23, 594401
List the prime factors of 354052000.
2, 5, 88513
What are the prime factors of 792677470?
2, 5, 13, 6097519
List the prime factors of 95696468.
2, 7, 17, 23, 8741
List the prime factors of 438454639.
7, 1289, 48593
List the prime factors of 49077920.
2, 5, 101, 3037
List the prime factors of 2845855702.
2, 1422927851
What are the prime factors of 60435063?
3, 13, 516539
What are the prime factors of 28668526?
2, 109, 131507
List the prime factors of 90971579.
29, 41, 76511
What are the prime factors of 17379356?
2, 167, 26017
What are the prime factors of 258927705?
3, 5, 401, 4783
What are the prime factors of 2274754964?
2, 383, 1484827
What are the prime factors of 2769256477?
13, 3299, 4967
List the prime factors of 81622724.
2, 59, 349, 991
List the prime factors of 1084393435.
5, 216878687
What are the prime factors of 149696631?
3, 7, 43, 55259
What are the prime factors of 102993342?
2, 3, 43, 617, 647
What are the prime factors of 1507272511?
1507272511
What are the prime factors of 3529882822?
2, 17, 103820083
What are the prime factors of 144791826?
2, 3, 613, 39367
What are the prime factors of 3074364535?
5, 11, 5927, 9431
What are the prime factors of 2